(-4)/(-8) prime?
True
Let f(k) = -10*k**2 + 6 + 23*k**2 + 2*k - 4 - 4. Is f(-2) composite?
True
Is (-61099)/(-8) + 18/(-48) composite?
True
Is -4*(-4 - -39*(-52)/16) a composite number?
False
Let o be 44/3*3/(-2). Let w be -1 - ((-55)/(-22))/(2/28). Let h = o - w. Is h composite?
True
Let c(a) = -a**3 - 14*a**2 + 5*a - 9. Let x be c(-18). Suppose 0 = -u - 2*u + x. Let k = 870 - u. Is k prime?
False
Let a(d) = d**3 - 17*d**2 + 18*d + 20. Let t be a(16). Let m = 117 - t. Is m prime?
False
Is (-4 - -2) + 22215 - 0/(-71) a composite number?
True
Let o = -4588 + 7229. Is o a prime number?
False
Suppose -r + 2 = -2*u, -9 - 4 = -3*r - u. Suppose r*p + p = 3785. Suppose 5*y - p = 133. Is y a composite number?
True
Suppose m = 4*u - 0*m - 7631, 0 = -5*u - 5*m + 9545. Let b = u + -1275. Is b composite?
True
Suppose -z + 1 = -3. Let o be (0/5)/(-1 - 1). Suppose o = -4*r + 8, -z*r + 148 = 5*w - 25. Is w a composite number?
True
Let q be ((-5)/10)/(2/(-20)). Let j = 190 - 91. Suppose j = -q*n + 764. Is n prime?
False
Suppose -5*h + 3*l = -4*h - 4562, 9139 = 2*h - l. Is h composite?
True
Suppose -f + 14 = -2. Let z = -11 + f. Is -6 + z + 196/2 a prime number?
True
Let p be ((-11)/22)/((-1)/2). Is (-5 - (0 - p)) + 163/1 prime?
False
Let c(o) = 12*o - 1. Let i be c(3). Let f(r) = 10 - i*r + 8*r + 0 - 3. Is f(-8) composite?
False
Let l(p) = 30*p**2 + 3*p - 5. Let u be l(3). Let f = 267 + u. Is f a composite number?
False
Suppose -v - 3*f = 4*v + 37, 18 = -2*v - 2*f. Let n be 16208/10 + (-1)/v. Let c = -1034 + n. Is c a composite number?
False
Suppose 704 = 6*s - 10*s. Let u = 339 + s. Is u a composite number?
False
Suppose 0 = -22*s + 5*s + 49453. Is s a prime number?
True
Let r = -32 + 28. Let j(x) = -19*x**3 + x**2 + 5*x - 1. Is j(r) a prime number?
False
Suppose 0 = 638*m - 636*m - 53894. Is m prime?
True
Let a be -1 + (1 - 3) + -2. Let l be (-22)/a + (-18)/45. Suppose -l*o - 2355 = -7*o. Is o a prime number?
False
Let u be (4*645/10)/2. Let o = u - 32. Is o composite?
False
Let s(w) = w + 1. Let t be s(2). Suppose -t*h + 4*m + 794 = -533, 862 = 2*h + 3*m. Suppose -1825 = -4*c - h. Is c a prime number?
True
Let r(v) = 20*v**3 + 2*v**2 - v. Let t be r(1). Let h be (26 - t) + (-1 - -1). Suppose 93 = -2*c + h*c. Is c prime?
True
Let j = 38407 + 22864. Is j composite?
True
Let a(w) = 15*w**3 + 17*w**2 + 16*w - 97. Is a(12) composite?
False
Let y = 162 - 29. Is y composite?
True
Let i(u) = -4*u + 18. Let t be i(0). Suppose -t*c + 2342 = -16*c. Is c prime?
True
Let q(n) = -n - 5. Let m be q(-10). Suppose 4 - 16 = -4*w. Suppose m*c - 3*c - 2 = 0, -c = -w*r + 668. Is r composite?
False
Let x be 9594/4 - (4/8)/(-1). Let p = x - 1660. Is p a composite number?
False
Let m be 4/14 - 864/(-14). Let s = -567 + 870. Suppose s = n - m. Is n composite?
True
Let t = -54 - -60. Is (t/2)/(6/1114) a prime number?
True
Suppose 0 = 2*w - 3*n - 4807, 104 = 4*w + 5*n - 9499. Is w a composite number?
True
Let z(f) = 15*f**2 - 30*f + 24. Is z(15) a composite number?
True
Suppose -v + 691 = -5*s - 1187, 3756 = 2*v + s. Suppose -5*x + v + 3629 = 3*p, x - 5*p - 1079 = 0. Is x a composite number?
True
Is (5 + (-116684)/(-8))*2/3 a prime number?
False
Suppose -7*r + 4*c + 15157 = -4*r, -3*c - 5054 = -r. Is r prime?
True
Let q(w) be the third derivative of w**5/30 - 11*w**4/24 - 5*w**3/6 - 36*w**2. Suppose -18 = 2*b - 2. Is q(b) a composite number?
False
Is (-3)/(-8)*2*(-3758084)/(-33) a prime number?
True
Suppose 0 = 5*n - w - 18150, -w = 5*n + 2*w - 18130. Is n prime?
False
Suppose -35*r - 111990 = -444035. Is r prime?
False
Suppose x = 3*u + 5*x - 11693, -4*u + 15578 = -x. Suppose 5*g - 4*q - 13637 = 0, -5*g + 2*q + u = -9746. Is g a prime number?
True
Let d = 34310 + -22941. Is d prime?
True
Let j(v) = -3*v**3 + 5*v**2 + 16*v + 11. Is j(-6) prime?
True
Let h(l) = 5*l**2 - 24*l + 48. Let n be 4/7 + (-219)/(-21). Is h(n) a prime number?
True
Suppose 4*h - 6*h - 4 = 0. Is (-13)/((h/2)/47) prime?
False
Let f(i) = 2*i**2 - 19*i + 16. Let x be f(7). Let l(q) = -q**3 - 13*q**2 - 14*q + 35. Is l(x) composite?
False
Let s be 5 + -2 + 5 - 3. Suppose 3*w - 3 = -3*f, -s*f + 6*w + 41 = 2*w. Suppose 0 = -5*a + 3*z + 1184 + 389, f*z = 4*a - 1248. Is a a prime number?
True
Let q(a) = 2*a**3 + 7*a**2 - 11*a + 4. Let r be q(4). Let s = 21 + r. Is s prime?
False
Suppose 2*o + 3 = 13. Suppose -2*b - 16 = -4*h, -h = 3*b + h - 8. Suppose 4*q + 3*i = -2*i + 161, 3*q + o*i - 127 = b. Is q a prime number?
False
Suppose 0 = -u + p, 30 = -3*u + 5*u + 4*p. Let x be u*(-12)/(-80)*4. Suppose x*l - 345 = -0*l. Is l prime?
False
Let r(j) = 3*j**2 + 8*j - 3. Let o be r(-6). Let w = -1 - -1. Suppose w*k + 3*n + 35 = k, 3*k + 3*n = o. Is k composite?
False
Let w = 1445 + 2638. Is w a composite number?
True
Suppose 0*u = -4*u + 20. Let g(a) = 5*a**2 - 3*a. Let f be g(u). Suppose 4*h + 205 = 3*w, -f = -w - h - 44. Is w prime?
True
Suppose 3*a = 4*a. Suppose -4*y - 4*q + 6009 = -9719, a = -y - 5*q + 3920. Is y a prime number?
False
Let z(g) = -2 + 16 - 2*g + 11*g**2 - 3. Suppose -3*d = -5*d - 3*w - 6, -2*d - 20 = -4*w. Is z(d) a composite number?
False
Let m be ((-36)/(-7))/(6/294). Let s = 41 + 8. Let i = m - s. Is i a composite number?
True
Is (12/(-90) - (-418719)/(-45))*-1 prime?
False
Let t = 127 - 125. Suppose t*y = -3*g + 36 + 189, -3*y = 2*g - 335. Is y a composite number?
True
Is -9998*((-2)/3)/(4/3) composite?
False
Let j = 4949 - 360. Is j a composite number?
True
Let b = 49550 - 703. Is b prime?
True
Let q = -246 + 913. Is q a composite number?
True
Suppose 3*u + 6*s = s + 32546, -5*u = -4*s - 54231. Is u a prime number?
True
Let t(k) = 3*k + 29. Let f be t(-8). Suppose -f*p + 3*a + 43545 = -2*a, 4*p = -3*a + 34808. Is p prime?
False
Suppose -2*k - k + 15 = 0. Suppose 0 = k*m - 729 - 86. Is m a prime number?
True
Is (6*16/(-24))/(32/(-354808)) a composite number?
False
Let c(q) = 157*q**2 - 4*q - 3. Let j be c(-2). Suppose 0 = -2*s + 5*s - j. Is s composite?
False
Suppose -2*k - 2*x - 25 = -5, k + 40 = 5*x. Is 10/(-50) - 6408/k prime?
False
Let a = 19 + -17. Is (-2 - -3) + -3 - (a - 423) composite?
False
Suppose 0*i = 4*i - 8. Let k be 1067/3 + i/(-3). Suppose 1287 - k = 4*o. Is o composite?
False
Let p(s) = 7*s - 12*s**2 + s**3 - 8*s + s**3 - 8. Suppose -2*o + 42 = 4*l, 5*l = 2*l - 3*o + 36. Is p(l) a prime number?
False
Suppose 7*c + 46665 = 326518. Is c prime?
True
Let m(p) = 20*p + 150. Is m(-7) prime?
False
Suppose 3*s + 5*r - 1 + 5 = 0, -2*r - 10 = 0. Suppose 2*b + 5054 = s*b + 3*n, 3*b + 4*n - 3039 = 0. Is b prime?
True
Let m(s) be the third derivative of s**5/60 + s**4/24 + 7*s**3/6 - 9*s**2. Let n(g) = 2*g - 4. Let w be n(6). Is m(w) composite?
False
Suppose -15091 = -67*r + 66*r. Is r prime?
True
Suppose 5*g = n - 7, -5*n + 5 = 4*g - 1. Let c(q) = q**2 - 8*q - 18. Let w be c(10). Suppose n*a - 157 = -i, -92 + 15 = -a - w*i. Is a a composite number?
False
Suppose 598 + 98 = 12*b. Is b prime?
False
Let a(d) = 3*d**3 + 3*d**2 + d. Let j be a(-2). Let y = j - -18. Suppose -y*z + 557 = -327. Is z a prime number?
False
Suppose 3*j = -k - 15, 4*j - 12 = -5*k - 32. Let z be 6*(3 + k/(-4)). Let x = z - -5. Is x a prime number?
True
Suppose 4*g = -t - g - 49, 5*g = t + 9. Suppose -d = d - 100. Let z = d + t. Is z prime?
False
Let t = -18 + 28. Suppose 7*a - 537 = t*a. Let d = 12 - a. Is d a prime number?
True
Suppose 5*m = 278 + 77. Let j = m + -18. Is j a prime number?
True
Suppose -6*b + 4*b = -l - 5007, -12520 = -5*b + 5*l. Is b composite?
False
Suppose -12*s + 45392 = -8380. Is s prime?
True
Let n(i) = 1370*i - 7. Is n(1) a prime number?
False
Suppose -4*n + 3*x = -52, -14 + 2 = -n + x. Let l be (-9 - -6) + -1 + 3/3. Let i = n - l. Is i composite?
False
Is ((-196)/35)/(-7) - 18241/(-5) a prime number?
False
Let c(u) = 65*u**3 - 3*u**2 - u + 2. Let j be c(2). Let n = j + -125. Suppose 3*f - n = -0*f - 2*b, -111 = -f - 4*b. Is f prime?
True
Suppose 337 = 9*v - 131. Let h = 15 + v. Is h composite?
False
Suppose -b = -3*b + 5*w - 6, 4*b - 2*w - 4 = 0. Let f = 7 - b. Is (6/f)/((-2)/(-335)) composite?
True
Let w(b) be the second derivative of -b - 2*b**3 + 0 + 5/2*b**2. Is w(-6) composite?
True
Let p be (-6 - 3)*(-2)/(-3). Let d be (-1)/p + 734/(-12). Is 4/(-24) + d/(-6) composite?
True
Let q = 20760 - 9083.